85.
5, 1237
List the prime factors of 12739.
12739
What are the prime factors of 8844?
2, 3, 11, 67
List the prime factors of 5749.
5749
What are the prime factors of 26883?
3, 29, 103
What are the prime factors of 3939?
3, 13, 101
What are the prime factors of 373?
373
List the prime factors of 2048.
2
List the prime factors of 88558.
2, 44279
What are the prime factors of 3761?
3761
What are the prime factors of 4239?
3, 157
List the prime factors of 2992.
2, 11, 17
List the prime factors of 191275.
5, 7, 1093
List the prime factors of 77494.
2, 38747
List the prime factors of 2142.
2, 3, 7, 17
What are the prime factors of 2211?
3, 11, 67
List the prime factors of 901.
17, 53
List the prime factors of 18092.
2, 4523
What are the prime factors of 122?
2, 61
What are the prime factors of 15899?
13, 1223
What are the prime factors of 820?
2, 5, 41
What are the prime factors of 9576?
2, 3, 7, 19
What are the prime factors of 1528?
2, 191
List the prime factors of 18087.
3, 6029
What are the prime factors of 25129?
13, 1933
List the prime factors of 60195.
3, 5, 4013
What are the prime factors of 13710?
2, 3, 5, 457
What are the prime factors of 11174?
2, 37, 151
List the prime factors of 5957.
7, 23, 37
What are the prime factors of 48647?
48647
What are the prime factors of 61255?
5, 12251
List the prime factors of 6359.
6359
What are the prime factors of 61101?
3, 31, 73
List the prime factors of 3714.
2, 3, 619
List the prime factors of 7534.
2, 3767
What are the prime factors of 9219?
3, 7, 439
What are the prime factors of 17229?
3, 5743
What are the prime factors of 36115?
5, 31, 233
What are the prime factors of 2275?
5, 7, 13
What are the prime factors of 348?
2, 3, 29
List the prime factors of 15289.
15289
List the prime factors of 1275.
3, 5, 17
List the prime factors of 899.
29, 31
What are the prime factors of 273?
3, 7, 13
List the prime factors of 1896.
2, 3, 79
What are the prime factors of 35193?
3, 11731
List the prime factors of 23464.
2, 7, 419
What are the prime factors of 77193?
3, 953
What are the prime factors of 2013?
3, 11, 61
List the prime factors of 12566.
2, 61, 103
List the prime factors of 8743.
7, 1249
List the prime factors of 36618.
2, 3, 17, 359
What are the prime factors of 37420?
2, 5, 1871
List the prime factors of 5016.
2, 3, 11, 19
What are the prime factors of 4262?
2, 2131
What are the prime factors of 1444?
2, 19
What are the prime factors of 38712?
2, 3, 1613
What are the prime factors of 49654?
2, 11, 37, 61
What are the prime factors of 100270?
2, 5, 37, 271
List the prime factors of 73779.
3, 24593
What are the prime factors of 22022?
2, 7, 11, 13
What are the prime factors of 14812?
2, 7, 23
List the prime factors of 31130.
2, 5, 11, 283
What are the prime factors of 9390?
2, 3, 5, 313
What are the prime factors of 1496?
2, 11, 17
What are the prime factors of 88468?
2, 17, 1301
List the prime factors of 735.
3, 5, 7
What are the prime factors of 1529?
11, 139
List the prime factors of 1592.
2, 199
List the prime factors of 2798.
2, 1399
List the prime factors of 2241.
3, 83
List the prime factors of 15031.
15031
List the prime factors of 20425.
5, 19, 43
What are the prime factors of 8660?
2, 5, 433
List the prime factors of 585.
3, 5, 13
List the prime factors of 1146.
2, 3, 191
List the prime factors of 797.
797
List the prime factors of 6529.
6529
What are the prime factors of 51672?
2, 3, 2153
List the prime factors of 3758.
2, 1879
List the prime factors of 5396.
2, 19, 71
What are the prime factors of 7536?
2, 3, 157
List the prime factors of 16902.
2, 3, 313
What are the prime factors of 101574?
2, 3, 11, 19
What are the prime factors of 1086?
2, 3, 181
What are the prime factors of 639?
3, 71
List the prime factors of 216.
2, 3
What are the prime factors of 491?
491
List the prime factors of 14341.
14341
List the prime factors of 2130.
2, 3, 5, 71
List the prime factors of 4458.
2, 3, 743
What are the prime factors of 10580?
2, 5, 23
What are the prime factors of 1117?
1117
What are the prime factors of 242?
2, 11
What are the prime factors of 569?
569
What are the prime factors of 6247?
6247
List the prime factors of 16809.
3, 13, 431
List the prime factors of 1264.
2, 79
List the prime factors of 10720.
2, 5, 67
List the prime factors of 18125.
5, 29
What are the prime factors of 12165?
3, 5, 811
List the prime factors of 848.
2, 53
List the prime factors of 1081.
23, 47
What are the prime factors of 6888?
2, 3, 7, 41
List the prime factors of 22586.
2, 23, 491
List the prime factors of 107.
107
List the prime factors of 9533.
9533
List the prime factors of 73043.
73043
What are the prime factors of 34694?
2, 11, 19, 83
What are the prime factors of 16514?
2, 23, 359
List the prime factors of 316.
2, 79
List the prime factors of 7793.
7793
What are the prime factors of 1059?
3, 353
List the prime factors of 77043.
3, 61, 421
What are the prime factors of 3805?
5, 761
List the prime factors of 1883.
7, 269
List the prime factors of 100.
2, 5
What are the prime factors of 192?
2, 3
What are the prime factors of 6784?
2, 53
List the prime factors of 2316.
2, 3, 193
List the prime factors of 783.
3, 29
List the prime factors of 923.
13, 71
What are the prime factors of 944?
2, 59
What are the prime factors of 6291?
3, 233
What are the prime factors of 15909?
3, 5303
What are the prime factors of 32114?
2, 16057
List the prime factors of 1894.
2, 947
What are the prime factors of 122?
2, 61
List the prime factors of 1533.
3, 7, 73
List the prime factors of 2955.
3, 5, 197
List the prime factors of 3818.
2, 23, 83
List the prime factors of 4054.
2, 2027
List the prime factors of 623.
7, 89
List the prime factors of 32760.
2, 3, 5, 7, 13
List the prime factors of 1603.
7, 229
List the prime factors of 14079.
3, 13, 19
What are the prime factors of 127829?
13, 9833
What are the prime factors of 19770?
2, 3, 5, 659
List the prime factors of 4771.
13, 367
What are the prime factors of 6782?
2, 3391
List the prime factors of 33618.
2, 3, 13, 431
List the prime factors of 1044.
2, 3, 29
What are the prime factors of 794?
2, 397
List the prime factors of 4507.
4507
What are the prime factors of 4481?
4481
What are the prime factors of 4393?
23, 191
List the prime factors of 54562.
2, 27281
What are the prime factors of 3455?
5, 691
What are the prime factors of 342?
2, 3, 19
What are the prime factors of 4308?
2, 3, 359
List the prime factors of 1650.
2, 3, 5, 11
List the prime factors of 1549.
1549
What are the prime factors of 116666?
2, 11, 5303
List the prime factors of 66929.
17, 31, 127
List the prime factors of 115079.
115079
List the prime factors of 3227.
7, 461
List the prime factors of 3096.
2, 3, 43
What are the prime factors of 1869?
3, 7, 89
What are the prime factors of 1408?
2, 11
What are the prime factors of 829?
829
What are the prime factors of 4471?
17, 263
What are the prime factors of 10960?
2, 5, 137
List the prime factors of 3939.
3, 13, 101
What are the prime factors of 7441?
7, 1063
What are the prime factors of 28063?
7, 19, 211
What are the prime factors of 6645?
3, 5, 443
List the prime factors of 974.
2, 487
List the prime factors of 1469.
13, 113
List the prime factors of 1003.
17, 59
List the prime factors of 11861.
29, 409
List the prime factors of 2029.
2029
List the prime factors of 3193.
31, 103
What are the prime factors of 16028?
2, 4007
What are the prime factors of 9915?
3, 5, 661
What are the prime factors of 19989?
3, 2221
List the prime factors of 1718.
2, 859
List the prime factors of 1465.
5, 293
List the prime factors of 1148.
2, 7, 41
What are the prime factors of 57848?
2, 7, 1033
List the prime factors of 39742.
2, 31, 641
List the prime factors of 39022.
2, 109, 179
What are the prime factors of 1287?
3, 11, 13
What are the prime factors of 4408?
2, 19, 29
List the prime factors of 14798.
2, 7, 151
List the prime factors of 5982.
2, 3, 997
What are the prime factors of 190?
2, 5, 19
List the prime factors of 4871.
4871
What are the prime factors of 2352?
2, 3, 7
What are the prime factors of 3648?
2, 3, 19
List the prime factors of 1860.
2, 3, 5, 31
What are the prime factors of 116253?
3, 12917
List the prime factors of 58030.
2, 5, 7, 829
Wha